 - 43, -5*d + 0*v + 2*v + 53 = 0. Suppose 10 + 10 = 4*l. Suppose -l*w + 172 = -w. Calculate the remainder when w is divided by d.
10
Let m be (8/(-5))/((-8)/(-20)). Let f(z) = -z**2 - 15*z - 14. What is the remainder when f(-10) is divided by -1*2/(m/26)?
10
What is the remainder when (-2)/(-4) + (-9)/(18/(-253)) is divided by 45?
37
Suppose 5*a + 14*i = 15*i + 1187, -247 = -a - 3*i. Calculate the remainder when a is divided by 30.
28
Let s(q) be the third derivative of -q**5/60 + 17*q**4/24 + 8*q**3/3 - 5*q**2. Calculate the remainder when 95 is divided by s(16).
31
Suppose -5*j + 70 = x, -3*x - 350 = -8*x - 4*j. Suppose -5*a + n + x = -3*n, -n + 25 = 3*a. Let k = -9 + 26. Calculate the remainder when k is divided by a.
7
Let c be (6/(-2) - -14) + -5. Suppose c*g = -v + 7*g + 31, 5*v = -5*g + 125. What is the remainder when 165 is divided by v?
25
Suppose 7*y - 3*y - 56 = 0. Suppose -12*b + 2122 = 27*b + 16. Calculate the remainder when b is divided by y.
12
Suppose -5*z - 16 = y - 513, 0 = -3*z - 3*y + 291. Let n = -66 + z. Suppose -3*v = s - 57, -n = -5*v + 3*v - 2*s. What is the remainder when 57 is divided by v?
17
Let v = 49 + -47. Suppose 0 = 4*y - 2*i - 48, -y + 5 = v*i - 2. What is the remainder when y is divided by 5?
1
Let o(k) = 4*k**3 + 124*k**2 - k - 20. Calculate the remainder when 1285 is divided by o(-31).
9
Suppose 2*d - 25 = 5*x, d + 3*x + 7 = -8. Let t = 3 + d. Suppose -18 = g - 3*g + t*w, 34 = 2*g + w. Calculate the remainder when 27 is divided by g.
12
Suppose -8*u - 2*h - 93 = -3*u, 0 = 3*u - h + 47. Let l = u - -38. Calculate the remainder when 26 is divided by l/(3/6 - -1).
12
What is the remainder when 436 is divided by 4 - (-13 - (-6 + 9))?
16
Let q = -410 + 455. Calculate the remainder when q is divided by 28.
17
Suppose 9487 = 58*w - 5*w. Calculate the remainder when w is divided by 61.
57
Suppose 0 = -3*z + 4*i + 9, 8*i + 17*i = 12*i. Calculate the remainder when (-3)/(6/(-35))*2 is divided by z.
2
Let i(z) = -7*z**3 - 4*z**2 + z - 2. Let y be i(-3). Suppose 2*n + s = 261, -2*s + y = n + 2*s. Calculate the remainder when n is divided by 26.
24
Let u be (3 - (1 - -10))*-1. Let o be (30 - 2) + (-24)/u. Calculate the remainder when 19 is divided by 104/10 - (-15)/o.
8
Let v(c) = 3*c**3 - 5*c**2 + 28. What is the remainder when v(7) is divided by 51?
47
Suppose 4*t = 2*s + 3*s + 117, 0 = t - 4*s - 32. Suppose -73 - 7 = -5*m. Calculate the remainder when t is divided by m.
12
Let l = -66 - -95. Let i = -129 - -133. Suppose 3*v + 4*r - 44 = 0, 3*r = 3*v - i*v + 13. What is the remainder when l is divided by v?
13
Suppose -3*u - b - 93 = -5*u, 45 = u - b. Let i(p) = 306*p + 625. Calculate the remainder when u is divided by i(-2).
9
Let w(m) = 6*m**2 - 3*m - 3. Suppose -164 = -2*n + 3*u - 4*u, -4*u = -4*n + 304. Calculate the remainder when 0 - (0/(-3) - n) is divided by w(-2).
26
What is the remainder when 88 is divided by 26*(-48)/64*2/(-3)?
10
Let k = -37 + 36. What is the remainder when 28 is divided by 13 - 3 - (k - -1)?
8
Let z be ((-2)/6)/(19/(-285)). What is the remainder when 58 is divided by (3 - (-45)/z) + 3?
13
Let t(k) = 3*k**3 - k**2 + 4*k - 13. Calculate the remainder when t(3) is divided by 10.
1
Let z(j) = -j + 69. What is the remainder when 71 is divided by z(31)?
33
Let r(i) = -5*i + 20. What is the remainder when 15 is divided by r(3)?
0
Suppose 0*b - 212 = -4*b. Calculate the remainder when b is divided by 4.
1
Let i(k) = -12*k - 123. Calculate the remainder when 106 is divided by i(-11).
7
Suppose 482 = 5*g + 97. Calculate the remainder when 998 is divided by g.
74
Let u be 6/4 + 18/12. Suppose r - 16 = l - u*r, -5*l + r - 4 = 0. Suppose -12*t + 16*t - 80 = l. Calculate the remainder when t is divided by 7.
6
Let q = 42 - -175. Calculate the remainder when q is divided by 17.
13
Let q = 132 + -84. Suppose -6*t - q = -9*t. Let g = 26 - t. Calculate the remainder when 68 is divided by g.
8
Suppose -7*s + 5*s = -6. Suppose 2*z - s*p = -9, -z + p + 1 = 3. What is the remainder when 18 is divided by z?
0
Let a be 70/(-9) + 6*4/(-108). Calculate the remainder when a/(-2) - (-13 - 14) is divided by 5.
1
Let y(m) = 22*m**3 + 2*m - 1. Let c be (26 - -8) + 0 + -2 - -3. Let d = c + -27. What is the remainder when y(1) is divided by d?
7
Let s(t) = -t**3 - 3*t**2 + 9*t + 6. Let m(b) = b + 2. Let h be m(-6). Let n be s(h). Calculate the remainder when 1 is divided by 4/n + 108/84.
0
Let g(l) = -11*l - 2. Let k(r) = -2*r. Let y(w) = 2*g(w) - 10*k(w). Let x be y(-8). What is the remainder when 23 is divided by 8/x*(-78)/(-4)?
10
Suppose -10*w + 7*w + 111 = 3*i, -5*w - 205 = -5*i. Calculate the remainder when i is divided by 11.
6
Let b = -1771 + 1797. Calculate the remainder when 125 is divided by b.
21
Suppose 113*p - 19667 = 28471. Calculate the remainder when p is divided by 49.
34
Let l = 10 - -223. What is the remainder when l is divided by 18?
17
Suppose r - 27 = 5*p, -3*p + 51 = 9*r - 4*r. Suppose r = 4*l + 4. Suppose 0 = l*y - 11 - 23. Calculate the remainder when 65 is divided by y.
14
Let w = -100 + 105. What is the remainder when ((-2)/w)/((48/(-940))/6) is divided by 17?
13
Let r(f) = f**2 + 3*f + 1261. Let k be r(0). Suppose -4*m - 321 = -k. Calculate the remainder when m is divided by 17.
14
Suppose 0 = -2*o + 2*i - 0*i + 30, 2*i = 4*o - 62. What is the remainder when (-1)/(14/(-7742)*7) is divided by o?
15
Let k = 32 + -28. Suppose -v - 2*h = h - 126, -5*h = -k*v + 436. Suppose -3*m = c - v, 5*c + 123 = 3*m + 3*c. Calculate the remainder when 114 is divided by m.
36
Suppose -11*q = 24*q - 2940. Calculate the remainder when q is divided by 18.
12
Let v = -1011 + 1022. What is the remainder when 590 is divided by v?
7
Let q(j) = 56*j**2 - 276*j - 3. Calculate the remainder when 104 is divided by q(5).
2
Let y(v) = -v + 7. Let p be y(4). Suppose p*h - 15 = -3*q, 2*h - 2*q - 20 - 10 = 0. What is the remainder when 24 is divided by h?
4
Let l be 2/7 + 183/21. Let t = l + -1. Calculate the remainder when (-4)/6 + (-47)/(-3) is divided by t.
7
Suppose -10*t = -320 - 150. Let d(h) = h**2 - 2*h - 2. Calculate the remainder when t is divided by d(5).
8
Calculate the remainder when 41 is divided by (-34)/357 + (-1348)/(-42).
9
Let z(h) = -14*h + 14. Suppose -10*u = -9*u + 34. Let g = 67 + u. What is the remainder when z(-6) is divided by g?
32
Let z(q) = q**2 - 53*q + 84. What is the remainder when 164 is divided by z(52)?
4
Let f be 1/(-2) + (-426)/(-4). Suppose -58 = 4*v + f. Let y = v - -78. Calculate the remainder when y is divided by 19.
18
Let b = -1125 - -1173. What is the remainder when 230 is divided by b?
38
Suppose 23*x - 4209 = -38*x. Calculate the remainder when 686 is divided by x.
65
Suppose 8 = -u + 3*h, 2*u - 5*h + 14 = 2. Suppose 3*b - 61 = -4*a, u*b + 3*a - 19 - 60 = 0. Calculate the remainder when 74 is divided by b.
17
Suppose 17*g = 5*g + 1032. Calculate the remainder when g is divided by 15.
11
Let z be (94/3)/((-6)/(-9)). Let u = z + -39. Calculate the remainder when u is divided by 3.
2
Let k = 25 - -11. What is the remainder when (-30)/(-6) - (-59 - 6) is divided by k?
34
What is the remainder when (-11370)/(-21) - (-8)/14 is divided by 13?
9
Let d(c) = c**2 + 6*c - 5. Let y(r) = r**2. Let s(i) = -d(i) + 3*y(i). Calculate the remainder when s(6) is divided by (-4 - 3)/(1/(-2)).
13
Let x(k) = 6*k - 67. Let a be x(13). Suppose v + 10*r = a*r + 25, 2*v - 46 = -2*r. Calculate the remainder when 140 is divided by v.
20
Let x = -7 - -25. Let d = 40 - x. Let u = 38 - d. Calculate the remainder when 46 is divided by u.
14
Suppose 3*c = c - 146. Let d be 260/(-50)*(-1 - -11). Let q = d - c. What is the remainder when q is divided by 11?
10
Let b(y) = -y**3 - 4*y**2 - y + 7. What is the remainder when b(-5) is divided by -1 - -11*((-8)/(-1) + -7)?
7
Suppose 235*g - 136 = 231*g. What is the remainder when 153 is divided by g?
17
Let t = 1193 + -1189. Calculate the remainder when 25 is divided by t.
1
Suppose 2*f - 68 = -0*f. Suppose -7*y = -f - 50. What is the remainder when 57 is divided by y?
9
Suppose -16*v + 489 + 151 = 0. What is the remainder when v is divided by 10?
0
Suppose 0 = -5*p - 6 - 9. What is the remainder when p/6 + 81/6 is divided by 3?
1
Calculate the remainder when (5 - 1